posite number?
False
Is 3648981053 prime?
True
Is 2680824101 a prime number?
True
Is 798951859 a composite number?
False
Is 27638203343 a composite number?
False
Is 3829538611 a prime number?
True
Is 2049898483 a prime number?
False
Is 395297808439 a composite number?
False
Is 37326960007 prime?
True
Is 3461748427 prime?
True
Is 323553053 composite?
True
Is 9374524823 prime?
False
Is 11907129363 a prime number?
False
Is 15416216419 a composite number?
True
Is 20561455549 composite?
True
Is 1490396777 prime?
False
Is 89946028117 prime?
False
Is 5087633 composite?
False
Is 2125406779 prime?
False
Is 16062334121 a prime number?
True
Is 146993597581 prime?
False
Is 1290802861 prime?
True
Is 82523527318 a composite number?
True
Is 9611783617 a prime number?
False
Is 15169659937 a prime number?
False
Is 9163377037 composite?
True
Is 561097739 a composite number?
True
Is 4130040533 a composite number?
True
Is 1314267919 composite?
False
Is 737368061 composite?
True
Is 2986000359 composite?
True
Is 12207111221 a composite number?
False
Is 284850043 composite?
False
Is 1740961069 a prime number?
False
Is 729869617 composite?
True
Is 1830987281 a prime number?
True
Is 19636192307 prime?
False
Is 136403633 prime?
False
Is 377056089899 a prime number?
False
Is 5138391301 a prime number?
True
Is 1706796647 a prime number?
True
Is 1949439533 composite?
False
Is 16203006049 a prime number?
True
Is 1301114215 composite?
True
Is 8672498987 a prime number?
False
Is 178688390123 a prime number?
True
Is 2395533029 a composite number?
True
Is 1801621447 a composite number?
False
Is 43058729647 a composite number?
False
Is 2286094243 composite?
False
Is 176992647709 a prime number?
False
Is 8443019329 prime?
False
Is 890298989 a prime number?
False
Is 306685571 composite?
False
Is 10733719889 prime?
True
Is 10172277823 prime?
True
Is 627795269 a composite number?
True
Is 5378149567 prime?
False
Is 190541033 a prime number?
True
Is 565771057 composite?
False
Is 11920964281 a composite number?
True
Is 154591067887 a prime number?
True
Is 692103263 prime?
True
Is 395964277 prime?
True
Is 99326823701 a composite number?
True
Is 24671098861 a composite number?
False
Is 3443295913 prime?
False
Is 1177147883 prime?
True
Is 244246926491 composite?
True
Is 27896458237 composite?
True
Is 13714463693 a prime number?
False
Is 10671906569 a prime number?
False
Is 2234131183 composite?
False
Is 75978565583 a prime number?
True
Is 537400967 a composite number?
False
Is 37577234054 a prime number?
False
Is 516063077 composite?
False
Is 229671605513 a composite number?
True
Is 90591647023 a composite number?
False
Is 3772413241 a prime number?
False
Is 300237675113 prime?
False
Is 755413189 prime?
True
Is 213849439517 a prime number?
False
Is 93101226371 prime?
False
Is 6001974535 prime?
False
Is 22133939 prime?
False
Is 21239899 prime?
True
Is 99137653 composite?
True
Is 521416537 composite?
True
Is 40133158687 a prime number?
True
Is 708340487 a prime number?
False
Is 436472521 prime?
False
Is 7712381111 composite?
True
Is 20192161733 a composite number?
True
Is 21869287019 composite?
False
Is 3045397567 a composite number?
False
Is 28509369982 composite?
True
Is 119790191 a composite number?
False
Is 766079723 a prime number?
False
Is 766837741 composite?
True
Is 8486166571 prime?
False
Is 5145389 composite?
False
Is 4819369 composite?
True
Is 57823327291 prime?
False
Is 10565727517 a composite number?
False
Is 2816632699 a composite number?
True
Is 7110580261 a composite number?
False
Is 142814858839 prime?
False
Is 27546242479 prime?
False
Is 267631057 a composite number?
False
Is 758275451 a composite number?
True
Is 19675371757 a prime number?
False
Is 22520193383 prime?
True
Is 6302805253 a composite number?
True
Is 52332959 a prime number?
False
Is 46120489433 prime?
False
Is 2621719249 prime?
False
Is 2412054811 a prime number?
True
Is 8510470213 composite?
True
Is 1534458027 prime?
False
Is 3773589923 a composite number?
True
Is 121139 prime?
True
Is 782010003 composite?
True
Is 118552592041 a prime number?
False
Is 184109231 composite?
True
Is 56269279279 a composite number?
True
Is 46239553963 prime?
False
Is 14548712411 composite?
False
Is 1139516921 composite?
True
Is 178024132631 prime?
True
Is 12580353883 a composite number?
True
Is 47887303143 a prime number?
False
Is 43456206349 a composite number?
False
Is 1333481977 a prime number?
True
Is 10383660563 prime?
False
Is 6943137485 composite?
True
Is 73786534823 a composite number?
False
Is 933193451 a prime number?
False
Is 5329329289 a prime number?
True
Is 5532811399 prime?
True
Is 128563201009 composite?
True
Is 1663610843 prime?
False
Is 39918424561 prime?
True
Is 6584159611 a prime number?
True
Is 2564170693 a prime number?
False
Is 7959632731 prime?
True
Is 1331962207 a prime number?
True
Is 758011423 a prime number?
False
Is 11926511767 a composite number?
False
Is 36548621 composite?
False
Is 3554736109 a composite number?
False
Is 816886757 a prime number?
True
Is 211256535865 composite?
True
Is 3810100577 prime?
True
Is 146699953 composite?
True
Is 181775897 composite?
False
Is 277459630973 a composite number?
True
Is 2550352751 prime?
True
Is 1782061417 a prime number?
True
Is 1749270767 composite?
True
Is 30963167 prime?
False
Is 13868103083 a composite number?
True
Is 756097519 a prime number?
True
Is 505764817 a composite number?
False
Is 22769377 a prime number?
False
Is 9397989211 a composite number?
True
Is 16608426869 composite?
False
Is 8950565827 a prime number?
False
Is 17029172603 a prime number?
True
Is 2418429481 a prime number?
False
Is 1417096469 prime?
True
Is 19153158539 a prime number?
True
Is 2553311983 a composite number?
False
Is 3438877301 a prime number?
True
Is 527764789 a prime number?
False
Is 194983018 prime?
False
Is 12091313063 a prime number?
False
Is 9075333343 a composite number?
True
Is 14012561813 prime?
False
Is 18393993173 composite?
True
Is 8871924811 a composite number?
True
Is 99998645003 prime?
True
Is 1954604693 prime?
True
Is 58954943051 prime?
True
Is 256509833 composite?
False
Is 187417393549 composite?
False
Is 664168481 a prime number?
True
Is 310546997 a prime number?
False
Is 1740394957 a prime number?
False
Is 20034977645 composite?
True
Is 269255711 prime?
True
Is 162820729 composite?
True
Is 115644585137 prime?
True
Is 26135173117 a composite number?
False
Is 297476957 composite?
False
Is 5281953598 prime?
False
Is 704828911 prime?
True
Is 61032376439 prime?
True
Is 558354229 a composite number?
True
Is 19951181 a prime number?
True
Is 17556822313 a composite number?
False
Is 34932545287 a composite number?
False
Is 3958745299 a prime number?
True
Is 313709317 a composite number?
False
Is 67532693645 composite?
True
Is 9400414519 prime?
True
Is 4718906422 composite?
True
Is 688422613 a prime number?
False
Is 67701204231 prime?
False
Is 3425970151 composite?
False
Is 60129576883 a composite number?
False
Is 42802620241 a composite number?
False
Is 157296721 a prime number?
False
Is 49818854257 a prime number?
False
Is 212600639 prime?
False
Is 2513923939 a composite number?
False
Is 45061132505 a composite number?
True
Is 4904119853 prime?
False
Is 11667111517 a prime number?
True
Is 14810867459 a composite number?
False
Is 3811261499 prime?
False
Is 231694097 prime?
True
Is 26804614489 a prime number?
True
Is 3330109793 a composite number?
False
Is 1001515939 a composite number?
False
Is 3175708441 a composite number?
False
Is 2936786819 composite?
True
Is 140677674339 a composite number?
True
Is 7293867353 composite?
False
Is 995151191 a prime number?
True
Is 1038282527 a prime number?
True
Is 9153062117 a prime number?
True
Is 1379809111 prime?
False
Is 18791014843 prime?
False
Is 190119983 a composite number?
False
Is 10464049073 prime?
False
Is 407795714 composite?
True
Is 371764427299 prime?
True
Is 279806641 prime?
True
Is 23117127883 a composite number?
True
Is 1918842029 prime?
False
Is 1254067261 a prime number?
True
Is 610969663 a composite number?
True
Is 2077566559 a composite number?
False
Is 230044811 prime?
True
Is 785773293 a composite number?
True
Is 684080861 a prime number?
True
Is 566727671 a composite number?
False
Is 582747707